{"id":2750,"date":"2013-03-01T14:17:40","date_gmt":"2013-03-01T14:17:40","guid":{"rendered":"http:\/\/www.karate.com.pl\/?page_id=2750"},"modified":"2013-03-01T14:36:12","modified_gmt":"2013-03-01T14:36:12","slug":"turniej-mistrzow","status":"publish","type":"page","link":"https:\/\/karate.com.pl\/index.php\/turniej-mistrzow\/","title":{"rendered":"Turniej Mistrz\u00f3w"},"content":{"rendered":"<p>Turniej Mistrz\u00f3w b\u0119dzie przekszta\u0142cony\u00a0 w mistrzostwa Europy Europejskiego Stowarzyszenia Budo. Nazwa &#8222;Turniej Mistrz\u00f3w&#8221; pozostanie.<\/p>\n","protected":false},"excerpt":{"rendered":"<p>Turniej Mistrz\u00f3w b\u0119dzie przekszta\u0142cony\u00a0 w mistrzostwa Europy Europejskiego Stowarzyszenia Budo. Nazwa &#8222;Turniej Mistrz\u00f3w&#8221; pozostanie.<\/p>\n","protected":false},"author":1,"featured_media":0,"parent":0,"menu_order":0,"comment_status":"open","ping_status":"open","template":"fullwidth.php","meta":{"footnotes":""},"class_list":["post-2750","page","type-page","status-publish","hentry"],"_links":{"self":[{"href":"https:\/\/karate.com.pl\/index.php\/wp-json\/wp\/v2\/pages\/2750","targetHints":{"allow":["GET"]}}],"collection":[{"href":"https:\/\/karate.com.pl\/index.php\/wp-json\/wp\/v2\/pages"}],"about":[{"href":"https:\/\/karate.com.pl\/index.php\/wp-json\/wp\/v2\/types\/page"}],"author":[{"embeddable":true,"href":"https:\/\/karate.com.pl\/index.php\/wp-json\/wp\/v2\/users\/1"}],"replies":[{"embeddable":true,"href":"https:\/\/karate.com.pl\/index.php\/wp-json\/wp\/v2\/comments?post=2750"}],"version-history":[{"count":5,"href":"https:\/\/karate.com.pl\/index.php\/wp-json\/wp\/v2\/pages\/2750\/revisions"}],"predecessor-version":[{"id":2756,"href":"https:\/\/karate.com.pl\/index.php\/wp-json\/wp\/v2\/pages\/2750\/revisions\/2756"}],"wp:attachment":[{"href":"https:\/\/karate.com.pl\/index.php\/wp-json\/wp\/v2\/media?parent=2750"}],"curies":[{"name":"wp","href":"https:\/\/api.w.org\/{rel}","templated":true}]}}