{"id":496,"date":"2011-05-02T10:12:43","date_gmt":"2011-05-02T10:12:43","guid":{"rendered":"http:\/\/127.0.0.1:4001\/wordpress\/karate102\/?page_id=496"},"modified":"2025-10-02T08:08:59","modified_gmt":"2025-10-02T08:08:59","slug":"karate-dla-dzieci","status":"publish","type":"page","link":"https:\/\/karate.com.pl\/index.php\/karate-dla-dzieci\/","title":{"rendered":"Karate dla dzieci Warszawa &#8211; terminy i miejsca zaj\u0119\u0107 dla dzieci"},"content":{"rendered":"\t\t<div data-elementor-type=\"wp-page\" data-elementor-id=\"496\" class=\"elementor elementor-496\">\n\t\t\t\t<div class=\"elementor-element elementor-element-41fa89f1 e-flex e-con-boxed e-con e-parent\" data-id=\"41fa89f1\" data-element_type=\"container\">\n\t\t\t\t\t<div class=\"e-con-inner\">\n\t\t\t\t<div class=\"elementor-element elementor-element-720399d6 color-scheme-inherit text-left elementor-widget elementor-widget-text-editor\" data-id=\"720399d6\" data-element_type=\"widget\" data-widget_type=\"text-editor.default\">\n\t\t\t\t<div class=\"elementor-widget-container\">\n\t\t\t\t\t\t\t\t\t<p style=\"text-align: center;\"><a href=\"https:\/\/karate.com.pl\/wp-content\/uploads\/2011\/05\/dzieci1.png\"><img fetchpriority=\"high\" decoding=\"async\" class=\"aligncenter size-full wp-image-597\" title=\"dzieci\" src=\"https:\/\/karate.com.pl\/wp-content\/uploads\/2011\/05\/dzieci1.png\" alt=\"karate dla dzieci\" width=\"591\" height=\"427\" srcset=\"https:\/\/karate.com.pl\/wp-content\/uploads\/2011\/05\/dzieci1.png 739w, https:\/\/karate.com.pl\/wp-content\/uploads\/2011\/05\/dzieci1-300x216.png 300w\" sizes=\"(max-width: 591px) 100vw, 591px\" \/><\/a><\/p><h4 style=\"text-align: center; padding: 15px 0px 25px;\">Dzieci s\u0105 najwa\u017cniejsz\u0105 cz\u0119\u015bci\u0105 spo\u0142ecze\u0144stwa, rodziny i \u2026 naszego Klubu!<br \/>To jego przysz\u0142o\u015b\u0107!<\/h4><p style=\"text-align: center;\"><span style=\"color: #ff0000;\"><strong>8 wrze\u015bnia 2025 r. ruszaj\u0105\u00a0 regularne treningi i zapisy na nich!<\/strong><\/span><\/p><div id=\"attachment_8976\" style=\"width: 610px\" class=\"wp-caption aligncenter\"><img decoding=\"async\" aria-describedby=\"caption-attachment-8976\" class=\"size-full wp-image-8976\" src=\"https:\/\/karate.com.pl\/wp-content\/uploads\/2022\/08\/ninjaturtles02.jpg\" alt=\"\" width=\"600\" height=\"451\" srcset=\"https:\/\/karate.com.pl\/wp-content\/uploads\/2022\/08\/ninjaturtles02.jpg 600w, https:\/\/karate.com.pl\/wp-content\/uploads\/2022\/08\/ninjaturtles02-300x226.jpg 300w\" sizes=\"(max-width: 600px) 100vw, 600px\" \/><p id=\"caption-attachment-8976\" class=\"wp-caption-text\">Fot. Pokazy i zaj\u0119cia dla dzieci w ramach promocji filmu pt. &#8222;Wojownicze \u017c\u00f3\u0142wie ninja&#8221;. Centrum Handlowe Arkadia w Warszawie, 2014 r.<\/p><\/div><h1 style=\"text-align: center;\"><span style=\"color: #ff0000;\">Treningi z dzie\u0107mi osobi\u015bcie prowadzi posiadacz najwy\u017cszego stopnia w karate 10. dan &#8211; hanshi Tomasz Piotrkowicz<\/span><\/h1><h1 style=\"text-align: center;\">Kt\u00f3r\u0105 grup\u0119 wybra\u0107 dla dziecka?<\/h1><div style=\"text-align: justify;\"><p>Zaj\u0119cia w <strong>grupach \u201ekarate dla dzieci\u201d<\/strong> przeznaczone s\u0105 dla dzieci w wieku 4-9 lat. Poni\u017cej znajdziecie Pa\u0144stwo wi\u0119cej informacji o ich <a href=\"#program\">programie<\/a> oraz szczeg\u00f3\u0142y wszystkich pi\u0119ciu naszych <a href=\"#lokalizacja\">lokalizacji<\/a>. Rodzic\u00f3w, chc\u0105cych \u0107wiczy\u0107 razem z dzie\u0107mi zapraszamy do udzia\u0142u w treningach <strong>grup<\/strong> <a href=\"https:\/\/karate.com.pl\/index.php\/karate-warszawa\/\">karate dla m\u0142odzie\u017cy i doros\u0142ych<\/a>. Do\u0142\u0105czy\u0107 do tych grup mog\u0105 r\u00f3wnie\u017c dzieci bez rodzic\u00f3w, w wieku minimum 10 lat. Dzieci, kt\u00f3re \u0107wiczy\u0142y poprzednio w grupie dzieci\u0119cej przechodz\u0105 &#8222;p\u0142ynnie&#8221; do grup karate po osi\u0105gni\u0119ciu odpowiedniego wieku i zdobyciu pasa pomara\u0144czowego w karate.<\/p><\/div><div style=\"height: 20px;\">\u00a0<\/div><p style=\"text-align: center;\"><img decoding=\"async\" class=\"aligncenter size-full wp-image-8979\" src=\"https:\/\/karate.com.pl\/wp-content\/uploads\/2022\/08\/karate-latem-dzwirzyno-5.jpg\" alt=\"\" width=\"600\" height=\"400\" srcset=\"https:\/\/karate.com.pl\/wp-content\/uploads\/2022\/08\/karate-latem-dzwirzyno-5.jpg 600w, https:\/\/karate.com.pl\/wp-content\/uploads\/2022\/08\/karate-latem-dzwirzyno-5-300x200.jpg 300w\" sizes=\"(max-width: 600px) 100vw, 600px\" \/><\/p><h1 style=\"text-align: center;\">Charakterystyka grup karate dla dzieci<\/h1><h3 style=\"text-align: center; font-size: 22px; padding: 35px 0px 15px;\">Sport olimpijski<\/h3><p><strong>Karate<\/strong> jest <strong>nowym sportem olimpijskim<\/strong>. Po raz pierwszy zadebiutowa\u0142o na Igrzyskach Olimpijskich w Tokio w 2021 r. Kto wie, mo\u017ce kt\u00f3ry\u015b z naszych ma\u0142ych adept\u00f3w karate b\u0119dzie w przysz\u0142o\u015bci reprezentowa\u0142 Polsk\u0119 na kolejnej olimpiadzie? Wymaga to opanowania dobrych podstaw w uprawianej dyscyplinie sportowej &#8211; to mo\u017cemy zagwarantowa\u0107 i wytrwa\u0142o\u015bci w uprawianiu tej dyscypliny &#8211; tu liczymy na samych zawodnik\u00f3w oraz ich rodzic\u00f3w i przyjaci\u00f3\u0142.<\/p><h3 style=\"text-align: center; font-size: 22px; padding: 35px 0px 15px;\"><strong>Jak przebiegaj\u0105 treningi?<\/strong><\/h3><div style=\"text-align: justify;\">Uczymy dzieci <strong>skutecznej walki wr\u0119cz<\/strong>, kt\u00f3ra wszechstronnie rozwija cia\u0142o i psychik\u0119. Od pocz\u0105tku stosujemy specjalne napi\u0119stniki i kaski, chroni\u0105ce twarz. Dzi\u0119ki temu nauka realnej samoobrony <strong>jest w pe\u0142ni bezpieczna<\/strong>. Treningi, opr\u00f3cz karate sk\u0142adaj\u0105 si\u0119 te\u017c z du\u017cej ilo\u015bci \u0107wicze\u0144 og\u00f3lnorozwojowych, japo\u0144skiej gimnastyki taiso oraz bardzo dynamicznej i atrakcyjnej <a href=\"http:\/\/chanbara.pl\/chanbara\/kendo-warszawa\/\">walki mi\u0119kk\u0105 broni\u0105 \u201echanbara\u201d<\/a> (czytaj &#8222;czanbara&#8221;).<\/div><h3 style=\"text-align: center; font-size: 22px; padding: 35px 0px 15px;\"><strong>Rozw\u00f3j fizyczny<\/strong><\/h3><div style=\"text-align: justify;\">\u0106wiczenia gimnastyczne i trening technik karate dotycz\u0105 w r\u00f3wnej mierze obu stron cia\u0142a, co wspiera og\u00f3lny <strong>harmonijny rozw\u00f3j<\/strong>, koryguje wady postawy i asymetryczno\u015b\u0107 budowy cia\u0142a. Prawid\u0142owy trening karate pod okiem wykwalifikowanego instruktora rozwija <strong>wszystkie cechy motoryczne<\/strong>: si\u0142\u0119, szybko\u015b\u0107, gibko\u015b\u0107, zr\u0119czno\u015b\u0107 i wytrzyma\u0142o\u015b\u0107, a szczeg\u00f3lnie poprawia koordynacj\u0119 ruchow\u0105 &#8211; tak potrzebn\u0105 najm\u0142odszym.<\/div><h3 style=\"text-align: center; font-size: 22px; padding: 35px 0px 15px;\"><strong>Rozw\u00f3j emocjonalny<\/strong><\/h3><div style=\"text-align: justify;\">Wielkim atutem treningu karate jest <strong>nauka skupienia<\/strong>, opanowania, <strong>koncentracji uwagi<\/strong> oraz umiej\u0119tno\u015bci pokonywania niepowodze\u0144 i trudno\u015bci w \u017cyciu. Zwyci\u0119skie wychodzenie z r\u00f3\u017cnych pr\u00f3b (np. egzamin\u00f3w), systematyczna praca nad samym sob\u0105 i wyci\u0105ganie wniosk\u00f3w z drobnych niepowodze\u0144, stanowi\u0105 ogromn\u0105 warto\u015b\u0107 oraz bodziec do rozwoju wewn\u0119trznego.<\/div><h3 style=\"text-align: center; font-size: 22px; padding: 35px 0px 15px;\"><strong>Rozw\u00f3j spo\u0142eczny<\/strong><\/h3><div style=\"text-align: justify;\">Trening w grupie <strong>uczy poprawnych zachowa\u0144 spo\u0142ecznych<\/strong>, pozwala znale\u017a\u0107 nowych przyjaci\u00f3\u0142, nowe wzory do na\u015bladowania, uczy wra\u017cliwo\u015bci i odpowiedzialno\u015bci za inne osoby, wsp\u00f3\u0142tworz\u0105ce grup\u0119 treningow\u0105. \u0106wicz\u0105cy zaczyna dostrzega\u0107 te\u017c swoje mocne strony, <strong style=\"font-size: 16px; text-align: justify;\">zyskuje wy\u017csz\u0105 samoocen\u0119<\/strong><span style=\"font-size: 16px; text-align: justify;\"> i wzmacnia swoj\u0105 wiar\u0119 w sukces. Z drugiej strony, je\u017celi odstaje od grupy w jakim\u015b aspekcie, to ma szans\u0119 wyr\u00f3wna\u0107 te braki i zamieni\u0107 swoj\u0105 s\u0142ab\u0105 stron\u0119 w zalet\u0119 i silny aspekt fizyczny lub psychologiczny.<\/span><\/div><div style=\"text-align: justify;\">Trening pozwala na odreagowanie napi\u0119\u0107 \u017cycia codziennego, daje uspokojenie, zadowolenie i <strong>pozbawia m\u0142odych ludzi agresji<\/strong>. Zdaj\u0105c egzaminy na kolejne stopnie szkoleniowe, bior\u0105c udzia\u0142 w zgrupowaniach, seminariach czy zawodach karate, m\u0142ody adept tej dyscypliny obserwuje sw\u00f3j rozw\u00f3j na tle innych.<\/div><div style=\"text-align: center;\"><h3 style=\"text-align: center; font-size: 22px; padding: 35px 0px 15px;\"><strong>Edukacja<\/strong><\/h3><div style=\"text-align: justify;\">Dzieci poznaj\u0105 elementy egzotycznej dla nas kultury Dalekiego Wschodu, ucz\u0105 si\u0119 podstaw j\u0119zyka japo\u0144skiego (przed ka\u017cdym treningiem m\u0142odzi karateka sk\u0142adaj\u0105 po japo\u0144sku przysi\u0119g\u0119 Dojo &#8211; Klubu). W\u015br\u00f3d \u0107wicz\u0105cych dzieci w Warszawskim Centrum Karate znajduj\u0105 si\u0119 tak\u017ce dzieci obcokrajowc\u00f3w (nawet Japo\u0144czyk\u00f3w) &#8211; nawi\u0105zywanie z nimi kontakt\u00f3w, a niekiedy i przyja\u017ani zach\u0119ca do poznawania ludzi innych kultur, nauki tolerancji i obycia we wsp\u00f3\u0142czesnym \u015bwiecie. Zdarza si\u0119, \u017ce trener zwraca si\u0119 podczas trening\u00f3w do obcokrajowc\u00f3w w innym j\u0119zyku, najcz\u0119\u015bciej angielskim.<\/div><div><img loading=\"lazy\" decoding=\"async\" class=\"aligncenter wp-image-5915\" src=\"https:\/\/karate.com.pl\/wp-content\/uploads\/2017\/06\/trening-karate-ursyn\u00f3w-1.jpg\" alt=\"\" width=\"550\" height=\"413\" srcset=\"https:\/\/karate.com.pl\/wp-content\/uploads\/2017\/06\/trening-karate-ursyn\u00f3w-1.jpg 600w, https:\/\/karate.com.pl\/wp-content\/uploads\/2017\/06\/trening-karate-ursyn\u00f3w-1-300x225.jpg 300w\" sizes=\"(max-width: 550px) 100vw, 550px\" \/><\/div><\/div><h4 style=\"text-align: center; padding: 35px 0px 0px;\">Obserwacja progresji rozwoju dziecka, jego post\u0119p\u00f3w w walce z trudno\u015bciami (np. poprawy sprawno\u015bci og\u00f3lnej czy samooceny) daje wielk\u0105 satysfakcj\u0119 rodzicom i trenerom.<\/h4><h3 style=\"text-align: center; font-size: 22px; padding: 35px 0px 15px;\"><strong>Kadra trenerska<\/strong><\/h3><div style=\"text-align: justify;\">Program zaj\u0119\u0107 opracowa\u0142 mgr <a href=\"https:\/\/karate.com.pl\/index.php\/mistrzowie-karate\/tomasz-piotrkowicz\/\">Tomasz Piotrkowicz<\/a>, <strong>HANSHI 10. dan karate<\/strong>, posiadacz najwy\u017cszego stopnia mistrzowskiego, jeden z prekursor\u00f3w karate w Polsce, autor wielu ksi\u0105\u017cek o samoobronie i japo\u0144skich sztukach walki. Mistrz nie tylko firmuje swoj\u0105 osob\u0105 <a href=\"https:\/\/karate.com.pl\/index.php\/klub-karate-warszawa\/\">nasz Klub<\/a>, ale i prowadzi osobi\u015bcie wi\u0119kszo\u015b\u0107 zaj\u0119\u0107 w ci\u0105gu roku. Dzi\u0119ki temu zar\u00f3wno pocz\u0105tkuj\u0105ce dzieci, jak i zaawansowani zawodnicy mog\u0105 osobi\u015bcie \u0107wiczy\u0107 pod kierunkiem posiadacza jednego z najwy\u017cszych w Europie stopni mistrzowskich, nosz\u0105cego unikalny w \u015bwiecie tytu\u0142 <strong>soke sogo budo<\/strong>, a wi\u0119c g\u0142owy r\u00f3\u017cnych styl\u00f3w walki, tworz\u0105cych jeden system <strong>Mushin-ryu Bu-jutsu<\/strong>. \u00a0Zaj\u0119cia prowadz\u0105 wraz z nim wykwalifikowani instruktorzy b\u0119d\u0105cy jednocze\u015bnie wychowankami mistrza, kt\u00f3rzy od lat pomagaj\u0105 mu i nadal kszta\u0142c\u0105 si\u0119 pod jego okiem. Przede wszystkim kilkukrotny mistrz \u015bwiata w karate i kobudo, <strong>shihan Micha\u0142<\/strong>, syn hanshi Piotrkowicza.<\/div><div>\u00a0<\/div><div style=\"text-align: center;\"><img loading=\"lazy\" decoding=\"async\" class=\"aligncenter wp-image-11061 size-large\" src=\"http:\/\/karate.com.pl\/wp-content\/uploads\/2025\/08\/chanbara-02-1024x678.jpg\" alt=\"\" width=\"1024\" height=\"678\" srcset=\"https:\/\/karate.com.pl\/wp-content\/uploads\/2025\/08\/chanbara-02-1024x678.jpg 1024w, https:\/\/karate.com.pl\/wp-content\/uploads\/2025\/08\/chanbara-02-300x198.jpg 300w, https:\/\/karate.com.pl\/wp-content\/uploads\/2025\/08\/chanbara-02-768x508.jpg 768w, https:\/\/karate.com.pl\/wp-content\/uploads\/2025\/08\/chanbara-02-1536x1016.jpg 1536w, https:\/\/karate.com.pl\/wp-content\/uploads\/2025\/08\/chanbara-02-2048x1355.jpg 2048w\" sizes=\"(max-width: 1024px) 100vw, 1024px\" \/><\/div><div style=\"text-align: center;\"><i>Fot. <strong>Mali Samuraje<\/strong> &#8211; pojedynki z doros\u0142ymi samurajami czy z wojownikiem ninja to dopiero jest przygoda, kt\u00f3r\u0105 mo\u017cna prze\u017cy\u0107 w naszym Klubie! Targ Japo\u0144ski w Warszawie, czerwiec 2025 r.<\/i><\/div><h4 style=\"text-align: center; padding: 35px 0px 15px;\">W Centrum \u0107wicz\u0105 dzieci i ich rodzice. Wychowali\u015bmy wielu mistrz\u00f3w karate, kt\u00f3rzy odnie\u015bli sukcesy w \u017cyciu osobistym i zawodowym i s\u0105 obecnie znanymi aktorami, naukowcami, prawnikami czy politykami. Albo po prostu zwyk\u0142ymi, pozytywnie nastawionymi do \u017cycia lud\u017ami. To najwi\u0119kszy sukces Warszawskiego Centrum Karate!<\/h4><p style=\"text-align: center;\"><a href=\"https:\/\/karate.com.pl\/wp-content\/uploads\/2011\/05\/pokazTesco01.jpg\"><img loading=\"lazy\" decoding=\"async\" class=\"aligncenter wp-image-2643 size-full\" title=\"pokazTesco01\" src=\"https:\/\/karate.com.pl\/wp-content\/uploads\/2011\/05\/pokazTesco01.jpg\" alt=\"pokaz karate dzieci Praga\" width=\"550\" height=\"367\" srcset=\"https:\/\/karate.com.pl\/wp-content\/uploads\/2011\/05\/pokazTesco01.jpg 550w, https:\/\/karate.com.pl\/wp-content\/uploads\/2011\/05\/pokazTesco01-300x200.jpg 300w\" sizes=\"(max-width: 550px) 100vw, 550px\" \/><\/a><\/p><p style=\"text-align: center;\"><a href=\"https:\/\/karate.com.pl\/wp-content\/uploads\/2011\/05\/pokazTesco01.jpg\"><span style=\"color: #808080; text-transform: uppercase; font-size: 13px;\"><strong>Pokaz karate i turniej walki mi\u0119kk\u0105 broni\u0105 dla dzieci<br \/>Tesco &#8211; Centrum Handlowe Goc\u0142aw wrzesie\u0144 2012.<\/strong><\/span><\/a><\/p><h1 style=\"text-align: center;\">gdzie i kiedy?<\/h1><p><iframe style=\"border: 0px currentColor;\" src=\"https:\/\/www.google.com\/maps\/embed?pb=!1m18!1m12!1m3!1d78252.74339256376!2d20.97199834914677!3d52.19981026599101!2m3!1f0!2f0!3f0!3m2!1i1024!2i768!4f13.1!3m3!1m2!1s0x471eccd62c521bd7%3A0xb761eb85226c2807!2sWarszawskie+Centrum+Karate+-+Mokot%C3%B3w!5e0!3m2!1spl!2spl!4v1518451421176\" width=\"400\" height=\"300\" frameborder=\"0\" allowfullscreen=\"allowfullscreen\"><\/iframe><\/p><h3><span style=\"font-size: 15px;\">Karate dla dzieci<\/span><br \/><strong>MOKOT\u00d3W\u00a0<\/strong><\/h3><p>Terminy<br \/><strong>WTORKI i CZWARTKI <\/strong><br \/><strong>17.30 &#8211; 18.30<\/strong><br \/>Lokalizacja<br \/><span style=\"font-size: 15px;\"><strong>Szko\u0142a Podstawowa Nr 157<\/strong><br \/>ul. Kazimierzowska 16<br \/>r\u00f3g Wiktorskiej<br \/>blisko stacji metra <strong>&#8222;Rac\u0142awicka&#8221;<\/strong><\/span><\/p><p><iframe style=\"border: 0px currentColor;\" src=\"https:\/\/www.google.com\/maps\/embed?pb=!1m18!1m12!1m3!1d78252.81640046893!2d20.97165486270438!3d52.19976880130702!2m3!1f0!2f0!3f0!3m2!1i1024!2i768!4f13.1!3m3!1m2!1s0x471ecda67f34d11d%3A0x25d80df68198ad97!2sWarszawskie+Centrum+Karate+II!5e0!3m2!1spl!2spl!4v1518451970949\" width=\"400\" height=\"300\" frameborder=\"0\" allowfullscreen=\"allowfullscreen\"><\/iframe><\/p><h3><span style=\"font-size: 15px;\">Karate dla dzieci<\/span><br \/><strong>PRAGA PO\u0141UDNIE<br \/>SASKA K\u0118PA<\/strong><\/h3><p>Terminy<br \/><strong>WTORKI\u00a0i <\/strong><strong>CZWARTKI<\/strong><br \/><strong>\u00a017.30 &#8211; 18.30<\/strong><br \/>Lokalizacja<br \/><span style=\"font-size: 15px;\"><strong>Zesp\u00f3\u0142 Szk\u00f3\u0142 Nr 84<\/strong><br \/>ul. Zwyci\u0119zc\u00f3w 44<br \/>r\u00f3g Mi\u0119dzynarodowej<br \/>przy <strong>Trasie \u0141azienkowskiej<\/strong><br \/>Obiekt wynajmowany przez Europejskie Stowarzyszenie Budo.<\/span><\/p><p><iframe style=\"border: 0px currentColor;\" src=\"https:\/\/www.google.com\/maps\/embed?pb=!1m18!1m12!1m3!1d2447.4137497856004!2d21.027338815794206!3d52.16317047974818!2m3!1f0!2f0!3f0!3m2!1i1024!2i768!4f13.1!3m3!1m2!1s0x4719329442c715b9%3A0x32845c47a3edd107!2sKoncertowa+4%2C+Warszawa!5e0!3m2!1spl!2spl!4v1505653894986\" width=\"400\" height=\"300\" frameborder=\"0\" allowfullscreen=\"allowfullscreen\"><\/iframe><\/p><h3><span style=\"font-size: 15px;\">Karate dla dzieci<\/span><br \/><strong>URSYN\u00d3W<\/strong><\/h3><p>Terminy<br \/><strong>PONIEDZIA\u0141KI i \u015aRODY<\/strong><br \/><strong>17.30 &#8211; 18.30 <\/strong><br \/>Lokalizacja<br \/><span style=\"font-size: 15px;\"><strong>Zesp\u00f3\u0142 Szk\u00f3\u0142 nr 129<\/strong><br \/>ul. Koncertowa 4<br \/>treningi na forum<br \/>wej\u015bcie do szko\u0142y za budynkiem Bartoka 8<br \/>blisko stacji metra <strong>&#8222;Ursyn\u00f3w&#8221;<\/strong><\/span><\/p><p><iframe style=\"border: 0;\" src=\"https:\/\/www.google.com\/maps\/embed?pb=!1m18!1m12!1m3!1d2443.6732621390006!2d21.095519551552!3d52.23115376524778!2m3!1f0!2f0!3f0!3m2!1i1024!2i768!4f13.1!3m3!1m2!1s0x471ecd3322ce403f%3A0x1b8cedc3df9d6a32!2sSzko%C5%82a%20Podstawowa%20nr%20402!5e0!3m2!1spl!2spl!4v1673362722842!5m2!1spl!2spl\" width=\"400\" height=\"300\" frameborder=\"0\" allowfullscreen=\"allowfullscreen\"><\/iframe><\/p><h3><span style=\"font-size: 15px;\">&#8222;MALI SAMURAJE&#8221;<br \/>Karate i szermierka dla dzieci 5 &#8211; 10 lat<\/span><br \/><strong>PRAGA PO\u0141UDNIE<br \/>GOC\u0141AW<\/strong><\/h3><p><strong>PI\u0104TKI 18.00 &#8211; 19.00<br \/><\/strong>(drugi trening opcjonalnie we wtorek o 17.30 na Saskiej-K\u0119pie ul. Zwyci\u0119zc\u00f3w r\u00f3g Mi\u0119dzynarodowej)<br \/>Lokalizacja<br \/><span style=\"font-size: 15px;\"><strong>Szko\u0142a Podstawowa Nr 402<\/strong><br \/>ul. Jana Nowaka-Jeziora\u0144skiego 22<\/span><span style=\"font-size: 15px;\"><br \/>sala na I pi\u0119trze w nowej\u00a0 szkole na Goc\u0142awiu, niedaleko centrum handlowego<strong>\u00a0Promenady<\/strong><br \/>Obiekt wynajmowany przez Europejskie Stowarzyszenie Budo.<\/span><\/p><center><img loading=\"lazy\" decoding=\"async\" class=\"alignnone wp-image-9942 \" title=\"Mali Samuraje\" src=\"https:\/\/karate.com.pl\/wp-content\/uploads\/2024\/01\/mali-samuraje.jpg\" alt=\"\" width=\"601\" height=\"638\" srcset=\"https:\/\/karate.com.pl\/wp-content\/uploads\/2024\/01\/mali-samuraje.jpg 768w, https:\/\/karate.com.pl\/wp-content\/uploads\/2024\/01\/mali-samuraje-283x300.jpg 283w, https:\/\/karate.com.pl\/wp-content\/uploads\/2024\/01\/mali-samuraje-150x159.jpg 150w\" sizes=\"(max-width: 601px) 100vw, 601px\" \/><\/center><p style=\"text-align: center;\"><i>Fot. <strong>Mali Samuraje<\/strong> &#8211; we wszystkich grupach <strong>karate dla dzieci<\/strong> uczymy podstaw szermierki samurajskiej mi\u0119kk\u0105 broni\u0105. To bardzo dynamiczna, bezpieczna i fajna zabawa.<\/i><\/p><center><a href=\"https:\/\/karate.com.pl\/wp-content\/uploads\/2011\/05\/tv11.jpg\"><img loading=\"lazy\" decoding=\"async\" class=\"size-full wp-image-1982 aligncenter\" title=\"tv11\" src=\"https:\/\/karate.com.pl\/wp-content\/uploads\/2011\/05\/tv11.jpg\" alt=\"trening karate dla dzieci mokot\u00f3w\" width=\"500\" height=\"243\" srcset=\"https:\/\/karate.com.pl\/wp-content\/uploads\/2011\/05\/tv11.jpg 500w, https:\/\/karate.com.pl\/wp-content\/uploads\/2011\/05\/tv11-300x145.jpg 300w\" sizes=\"(max-width: 500px) 100vw, 500px\" \/><\/a><\/center><p style=\"text-align: center;\"><i>Fot. Trening karate dla dzieci, nakr\u0119cony przez TVP1 na \u015bwie\u017cym powietrzu z mistrzem \u015bwiata, shihanem Micha\u0142em Piotrkowiczem &#8211; Mokot\u00f3w wrzesie\u0144 2011.<\/i><\/p>\t\t\t\t\t\t\t\t<\/div>\n\t\t\t\t<\/div>\n\t\t\t\t\t<\/div>\n\t\t\t\t<\/div>\n\t\t\t\t<\/div>\n\t\t","protected":false},"excerpt":{"rendered":"<p>Dzieci s\u0105 najwa\u017cniejsz\u0105 cz\u0119\u015bci\u0105 spo\u0142ecze\u0144stwa, rodziny i \u2026 naszego Klubu! To jego przysz\u0142o\u015b\u0107! 8 wrze\u015bnia 2025 r. ruszaj\u0105\u00a0 regularne treningi<\/p>\n","protected":false},"author":1,"featured_media":0,"parent":0,"menu_order":0,"comment_status":"open","ping_status":"closed","template":"","meta":{"footnotes":""},"class_list":["post-496","page","type-page","status-publish","hentry"],"_links":{"self":[{"href":"https:\/\/karate.com.pl\/index.php\/wp-json\/wp\/v2\/pages\/496","targetHints":{"allow":["GET"]}}],"collection":[{"href":"https:\/\/karate.com.pl\/index.php\/wp-json\/wp\/v2\/pages"}],"about":[{"href":"https:\/\/karate.com.pl\/index.php\/wp-json\/wp\/v2\/types\/page"}],"author":[{"embeddable":true,"href":"https:\/\/karate.com.pl\/index.php\/wp-json\/wp\/v2\/users\/1"}],"replies":[{"embeddable":true,"href":"https:\/\/karate.com.pl\/index.php\/wp-json\/wp\/v2\/comments?post=496"}],"version-history":[{"count":177,"href":"https:\/\/karate.com.pl\/index.php\/wp-json\/wp\/v2\/pages\/496\/revisions"}],"predecessor-version":[{"id":11242,"href":"https:\/\/karate.com.pl\/index.php\/wp-json\/wp\/v2\/pages\/496\/revisions\/11242"}],"wp:attachment":[{"href":"https:\/\/karate.com.pl\/index.php\/wp-json\/wp\/v2\/media?parent=496"}],"curies":[{"name":"wp","href":"https:\/\/api.w.org\/{rel}","templated":true}]}}