{"id":750,"date":"2011-06-15T12:29:15","date_gmt":"2011-06-15T12:29:15","guid":{"rendered":"http:\/\/www.karate.com.pl\/karate102\/?page_id=750"},"modified":"2014-08-25T16:08:30","modified_gmt":"2014-08-25T16:08:30","slug":"shotokan-warszawa","status":"publish","type":"page","link":"https:\/\/karate.com.pl\/index.php\/styl-walki\/shotokan-warszawa\/","title":{"rendered":"SHOTOKAN WARSZAWA"},"content":{"rendered":"<table>\n<tbody>\n<tr valign=\"bottom\">\n<td><a href=\"https:\/\/karate.com.pl\/wp-content\/uploads\/2011\/06\/funakoshi2.jpg\"><img decoding=\"async\" class=\"size-full wp-image-1555 alignnone\" title=\"funakoshi\" src=\"https:\/\/karate.com.pl\/wp-content\/uploads\/2011\/06\/funakoshi2.jpg\" alt=\"shotokan warszawa\" width=\"180\" height=\"249\" \/><\/a><\/td>\n<td><a href=\"https:\/\/karate.com.pl\/wp-content\/uploads\/2011\/06\/motto.gif\"><img decoding=\"async\" class=\"aligncenter size-full wp-image-1556\" title=\"motto\" src=\"https:\/\/karate.com.pl\/wp-content\/uploads\/2011\/06\/motto.gif\" alt=\"karate ni sente nashi\" width=\"61\" height=\"330\" \/><\/a><\/td>\n<\/tr>\n<\/tbody>\n<\/table>\n<p style=\"text-align: justify;\">Styl karate <strong>Shotokan<\/strong> wywodzi si\u0119 od mistrza\u00a0<strong>Gichin Funakoshi<\/strong> (1868 &#8211; 1957), pierwszego nauczyciela karate w Tokio, kt\u00f3ry w spos\u00f3b bardzo istotny przyczyni\u0142 si\u0119 do rozpowszechnienia tej oryginalnej sztuki walki wr\u0119cz w ca\u0142ej Japonii. To on pierwszy zademonstrowa\u0142 wa\u017cnym postaciom ze sfer rz\u0105dz\u0105cych, wojskowym i\u00a0pracownikom\u00a0naukowym\u00a0 sztuk\u0119 walki wr\u0119cz\u00a0z Okinawy,\u00a0maj\u0105c\u0105 swe korzenie w starych chi\u0144skich stylach. Na wielkiej wystawie atletycznej w 1922 roku skromny nauczyciel, potomek samuraj\u00f3w podbi\u0142 serca publiczno\u015bci swoj\u0105 wiedz\u0105 i kultur\u0105 osobist\u0105.\u00a0W odr\u00f3\u017cnieniu od wielu innych mistrz\u00f3w\u00a0z Okinawy m\u00f3wi\u0142 i pisa\u0142\u00a0po japo\u0144sku, a nie w dialekcie z wysp. Karate zosta\u0142o zaakceptowane jako dziedzictwo japo\u0144skie, a mistrz Funakoshi zosta\u0142 zaproszony do Kodokanu przez tw\u00f3rc\u0119 judo &#8211; profesora Jigoro Kano.\u00a0Pod wp\u0142ywem demonstracji sztuki karate\u00a0w technikach judo pojawi\u0142y si\u0119 takie elementy, jak\u00a0idea \u0107wiczenia kata czy rzut o-soto-gari. Dopiero zach\u0119ceni sukcesem Funakoshiego na wielkie wyspy japo\u0144skie zacz\u0119li przybywa\u0107 inni mistrzowie\u00a0 z Okinawy.&#8221;Shoto&#8221; to pseudonim literacki, kt\u00f3rym podpisywa\u0142 swoje wiersze i sentencje kaligraficzne Funakoshi. Oznacza dos\u0142ownie &#8222;fale sosen&#8221; albo &#8222;zapach sosen&#8221; &#8211;\u00a0drzew, kt\u00f3re zawsze przypomina\u0142y Staremu Mistrzowi jego ukochan\u0105 wysp\u0119. Po zniszczeniu starego dojo (miejsca trening\u00f3w) uczniowie karate nazwali na cze\u015b\u0107 Funakoshiego nowy budynek przeznaczony do \u0107wicze\u0144\u00a0&#8222;<strong>Shoto-kan<\/strong>&#8221;\u00a0&#8211; &#8222;o\u015brodek Shoto&#8221; (w domy\u015ble &#8222;budynek, gdzie naucza Shoto czyli mistrz Funakoshi&#8221;). Z czasem nazwa ta przylgn\u0119\u0142a do najwi\u0119kszego stylu karate, jaki rozwin\u0119li uczniowie mistrza Funakoshi i ich kontynuatorzy.\u00a0 Przy czym pewnym paradoksem jest, \u017ce Funakoshi zawsze twierdzi\u0142, i\u017c karate jest jedno i by\u0142 przeciwny podzia\u0142om na style oraz sprzeciwia\u0142 si\u0119 koncepcji sportowego karate. Tote\u017c dopiero w kilka miesi\u0119cy po jego \u015bmierci organizacja <strong>Japan Karate Association<\/strong> (JKA)\u00a0rozegra\u0142a pierwsze zawody og\u00f3lnojapo\u0144skie w karate, a znakomicie wyszkoleni instruktorzy &#8211; najcz\u0119\u015bciej adepci Uniwersytetu Takushoku rozpocz\u0119li propagowanie karate Shotokan na ca\u0142ym \u015bwiecie. Trzydziestoparoletni okres przewodzenia w JKA przez <strong>Masatoshi Nakayama<\/strong> (1913 &#8211; 1987) by\u0142 okresem dynamicznego rozwoju stylu Shotokan, tak\u017ce zasadniczych zmian w wykonywaniu technik, zapocz\u0105tkowanych jeszcze w latach czterdziestych XX wieku przez syna Starego Mistrza, Gigo Funakoshi. Pozycje sta\u0142y si\u0119 d\u0142u\u017csze, a przez to\u00a0walka prowadzona by\u0142a na d\u0142u\u017cszy dystans, wprowadzono kopni\u0119cia okr\u0119\u017cne\u00a0i\u00a0dodano szereg nowych form &#8211; kata do osiemnastu nauczanych przez\u00a0Gichina Funakoshi.\u00a0Opracowano te\u017c podstawy walki sportowej w karate opartej najpierw na ippon-shobu (walce do jednego punktu), a p\u00f3\u017aniej\u00a0sambon-shobu (walce do uzyskania trzech punkt\u00f3w). Cho\u0107 pierwsze ksi\u0105\u017cki o karate napisa\u0142 Gichin Funakoshi, ale w\u0142a\u015bnie Nakayama, a p\u00f3\u017aniej i inni mistrzowie Shotokan stali si\u0119 autorami wielu ciekawych ksi\u0105\u017cek o karate, wydawanych cz\u0119sto do razu w j\u0119zyku angielskim. To wszystko przyczyni\u0142o si\u0119 do dynamicznego rozwoju karate w drugiej po\u0142owie XX wieku na ca\u0142ym \u015bwiecie.<\/p>\n<p style=\"text-align: justify;\"><strong>Karate Shotokan w Polsce<\/strong> rozpocz\u0119to uprawia\u0107 w spos\u00f3b zorganizowany na\u00a0pocz\u0105tku lat siedemdziesi\u0105tych XX wieku. <strong>Shihan Tomasz Piotrkowicz<\/strong> <strong>zacz\u0105\u0142 w 1970 <\/strong>r. od trening\u00f3w jiu-jitsu i samodzielnych pr\u00f3b treningu karate na podstawie ksi\u0105\u017cki Funakoshiego &#8222;Karate-do Kyohan&#8221;. W warszawskiej sekcji TKKF\u00a0w 1972 r.\u00a0mia\u0142 okazj\u0119 \u0107wiczy\u0107 Shotokan\u00a0pod kierunkiem Leszka Drewniaka\u00a0(p\u00f3\u017aniejszy pu\u0142kownik &#8222;Gromu&#8221;). Przez kilka lat trenowa\u0142 tak\u017ce samodzielnie z grup\u0105 przyjaci\u00f3\u0142 &#8211; sportowc\u00f3w na nieistniej\u0105cym ju\u017c lotnisku\u00a0Goc\u0142aw w Warszawie (w\u015br\u00f3d \u0107wicz\u0105cych by\u0142 obecny genera\u0142 broni S\u0142awomir Dygnatowski). By\u0142 wtedy jednym z najm\u0142odszych zaawansowanych karateka w Polsce.\u00a0W po\u0142owie lat siedemdziesi\u0105tych bra\u0142 te\u017c udzia\u0142\u00a0w treningach sekcji AZS Szko\u0142y G\u0142\u00f3wnej Handlowej prowadzonych przez Alka Trofimowa (p\u00f3\u017aniejszego lidera stylu Doshinkan w Polsce), pomimo, \u017ce ucz\u0119szcza\u0142 wtedy\u00a0jeszcze do liceum.\u00a0P\u00f3\u017aniej w okresie studenckim rozwin\u0105\u0142 (wraz z Markiem Kosewskim i Paw\u0142em Winiarskim) uczelnian\u0105 sekcj\u0119 karate\u00a0i doprowadzi\u0142 do wst\u0105pienia sekcji karate Uniwesytetu Warszawskiego do Polskiego Zwi\u0105zku Karate, kt\u00f3ry powsta\u0142 w 1980 r. Na pierwszych oficjalnych Mistrzostwach Polski PZK w Elbl\u0105gu w 1981 r. by\u0142 ju\u017c s\u0119dzi\u0105.\u00a0S\u0119dziowa\u0142 te\u017c trzy kolejne mistrzostwa Polski. W latach osiemdziesi\u0105tych\u00a0by\u0142 prezesem Studenckiej Federacji\u00a0Karate, kt\u00f3ra zrzesza\u0142a kluby karate Shotokan, Doshinkan, Kyokushinkai oraz taekwondo\u00a0na uczelniach wy\u017cszych (wtedy jedyne miejsca obok sekcji TKKF i dom\u00f3w kultury, \u00a0gdzie mo\u017cna by\u0142o uprawia\u0107 karate).\u00a0W latach osiemdziesi\u0105tych uczy\u0142 si\u0119 karate Shotokan od w\u0142oskiego mistrza Dario Gamba, dyrektora technicznego Federazione Sportiva Italiana Karate, kt\u00f3ry by\u0142 jego promotorem na shodan &#8211; pierwszy stopie\u0144 mistrzowski oraz japo\u0144skiego mistrza Shotokan Hideo Ochi 8. dan JKA, kt\u00f3ry byl trenerem kadry Niemiec.\u00a0W tym czasie naucza\u0142 karate student\u00f3w UW, a p\u00f3\u017aniej SGGW, prowadz\u0105c przez siedem lat sekcj\u0119 karate AZS. Podczas blisko p\u00f3\u0142rocznego pobytu w Australii \u0107wiczy\u0142 regularnie karate Shotokan i Kyokushinkai, b\u0119d\u0105c\u00a0trzecim w hierarchi stopni mistrzowskich w Melbourne. Tam po raz pierwszy zetkn\u0105\u0142 si\u0119 te\u017c z Hirokazu Kanazawa 10. dan\u00a0&#8211; mistrzem JKA,\u00a0kt\u00f3ry stoi na czele Shotokan Karate International Federation. Tomasz Piotrkowicz nigdy nie przesta\u0142 korzysta\u0107 z dziedzictwa Shotokanu, praktykuj\u0105c\u00a0i nauczaj\u0105c do dzisiaj kata tego stylu oraz studiuj\u0105c histori\u0119 karate w Japonii i analizuj\u0105c teksty Gichina Funakoshi i jego bezpo\u015brednich uczni\u00f3w. Mia\u0142 zaszczyt pomodli\u0107 si\u0119\u00a0 i zostawi\u0107 drewnian\u0105 tabliczk\u0119 przy grobie Funakoshiego w \u015bwi\u0105tyni Enkakuji w Kamakura, jak i przy pomniku z sentencj\u0105 Mistrza: &#8222;karate ni sente nashi&#8221; w Naha na Okinawie, niedaleko Budokanu. W 2012 r. przebywa\u0142 dwa tygodnie na Okinawie, \u0107wicz\u0105c m.in.\u00a0 z najwi\u0119kszymi mistrzami Shorin-ryu &#8211;\u00a0stylu kt\u00f3ry uprawia\u0142 Funakoshi przed\u00a0przybyciem do Tokio.<\/p>\n<p style=\"text-align: center;\"><a href=\"https:\/\/karate.com.pl\/wp-content\/uploads\/2011\/06\/jka01.jpg\"><img fetchpriority=\"high\" decoding=\"async\" class=\"aligncenter  wp-image-2994\" src=\"https:\/\/karate.com.pl\/wp-content\/uploads\/2011\/06\/jka01.jpg\" alt=\"JKA shotokan\" width=\"360\" height=\"546\" srcset=\"https:\/\/karate.com.pl\/wp-content\/uploads\/2011\/06\/jka01.jpg 450w, https:\/\/karate.com.pl\/wp-content\/uploads\/2011\/06\/jka01-197x300.jpg 197w\" sizes=\"(max-width: 360px) 100vw, 360px\" \/><\/a><\/p>\n<p style=\"text-align: center;\"><i>Tomasz Piotrkowicz w kwaterze g\u0142\u00f3wnej JKA w Tokio pod obrazem Gichina Funakoshi.<\/i><\/p>\n<p style=\"text-align: justify;\">W swoich podr\u00f3\u017cach po dojo r\u00f3\u017cnych stron \u015bwiata oraz w mi\u0119dzynarodowych seminariach organizowanych\u00a0przez niego w Warszawie\u00a0Tomasz Piotrkowicz mia\u0142 zaszczyt trenowa\u0107 pod okiem takich ekspert\u00f3w karate Shotokan, jak:<br \/>\nHirokazu Kanazawa 10. dan Shotokan Karate International Federation (SKIF)<br \/>\nHidetaka Nishiyama 10. dan International Traditional Karate Federation (ITKF)<br \/>\nIlija Jorga 10. dan World Traditional Fudokan Shotokan Karate Federation<br \/>\nTakemasa Okuyama 10. dan Shotokan Kanada &#8211; World Budo Federation<br \/>\nKeigo Abe 9. dan Japan Shotokan Karate Association<br \/>\nHiroshi Shirai 9.dan Shotokan Cultural Institute\/International Traditional Karate Federation<br \/>\nHideo Ochi 8. dan Japan Karate Asssociation<br \/>\nMasao Kawasoe 8. dan Japan Karate Association<br \/>\nYoshiharu Osaka\u00a08. dan Japan Karate Association<br \/>\nTakenori Imura 7. dan Japan Karate Association<br \/>\nTomio Imamura 7.dan Japan Karate Association<br \/>\nDario Gamba 7. dan Federazione Sportiva Italiana Karate (FeSIKa)<\/p>\n<p style=\"text-align: center;\"><a href=\"https:\/\/karate.com.pl\/wp-content\/uploads\/2011\/06\/kanazawadojo.jpg\"><img loading=\"lazy\" decoding=\"async\" class=\"aligncenter  wp-image-2995\" src=\"https:\/\/karate.com.pl\/wp-content\/uploads\/2011\/06\/kanazawadojo.jpg\" alt=\"kanazawa shotokan dojo\" width=\"520\" height=\"309\" srcset=\"https:\/\/karate.com.pl\/wp-content\/uploads\/2011\/06\/kanazawadojo.jpg 650w, https:\/\/karate.com.pl\/wp-content\/uploads\/2011\/06\/kanazawadojo-300x178.jpg 300w\" sizes=\"(max-width: 520px) 100vw, 520px\" \/><\/a><\/p>\n<p style=\"text-align: center;\"><i>Synowie shihana Piotrkowicza: Jakub i Micha\u0142 \u00a0na treningu w dojo mistrza Kanazawa, szefa Shotokan Karate International Federation w Tokio.<\/i><\/p>\n<p>Lista kata stylu Shotokan (uko\u015bn\u0105 czcionk\u0105 zaznaczono kata dodane do kanonu Shotokan\u00a0po \u015bmierci Funakoshiego):<br \/>\nHeian shodan<br \/>\nHeian nidan<br \/>\nHeian sandan<br \/>\nHeian yondan<br \/>\nHeian godan<br \/>\nTekki shodan<br \/>\nTekki nidan<br \/>\nTekki sandan<br \/>\nBassai dai<br \/>\nBassai sho<br \/>\nKanku dai<br \/>\nKanku sho<br \/>\nJion<br \/>\nJitte<br \/>\n<em>Ji&#8217;in<\/em><br \/>\nEnpi<br \/>\nHangentsu<br \/>\n<em>Wankan<\/em><br \/>\nNijushiho<br \/>\n<em>Gojushiho sho<\/em><br \/>\n<em>Gojushiho dai<\/em><br \/>\n<em>Sochin<\/em><br \/>\n<em>Meikyo<\/em><br \/>\n<em>Chinte<\/em><br \/>\nGankaku<br \/>\n<em>Unsu<\/em>.<\/p>\n<p>Na powy\u017cszej li\u015bcie uko\u015bn\u0105 czcionk\u0105 zaznaczono kata dodane pod koniec \u017cycia mistrza Funakoshi,\u00a0 w latach czterdziestych i pi\u0119\u0107dziesi\u0105tych XX wieku.<\/p>\n<p>\u677e\u6fe4\u9928 \u30ef\u30eb\u30b7\u30e3\u30ef napis po japo\u0144sku oznaczaj\u0105cy Shotokan Warszawa<\/p>\n<h1>Shotokan Warszawa<\/h1>\n","protected":false},"excerpt":{"rendered":"<p>Styl karate Shotokan wywodzi si\u0119 od mistrza\u00a0Gichin Funakoshi (1868 &#8211; 1957), pierwszego nauczyciela karate w Tokio, kt\u00f3ry w spos\u00f3b bardzo<\/p>\n","protected":false},"author":1,"featured_media":0,"parent":104,"menu_order":0,"comment_status":"open","ping_status":"open","template":"fullwidth.php","meta":{"footnotes":""},"class_list":["post-750","page","type-page","status-publish","hentry"],"_links":{"self":[{"href":"https:\/\/karate.com.pl\/index.php\/wp-json\/wp\/v2\/pages\/750","targetHints":{"allow":["GET"]}}],"collection":[{"href":"https:\/\/karate.com.pl\/index.php\/wp-json\/wp\/v2\/pages"}],"about":[{"href":"https:\/\/karate.com.pl\/index.php\/wp-json\/wp\/v2\/types\/page"}],"author":[{"embeddable":true,"href":"https:\/\/karate.com.pl\/index.php\/wp-json\/wp\/v2\/users\/1"}],"replies":[{"embeddable":true,"href":"https:\/\/karate.com.pl\/index.php\/wp-json\/wp\/v2\/comments?post=750"}],"version-history":[{"count":34,"href":"https:\/\/karate.com.pl\/index.php\/wp-json\/wp\/v2\/pages\/750\/revisions"}],"predecessor-version":[{"id":3703,"href":"https:\/\/karate.com.pl\/index.php\/wp-json\/wp\/v2\/pages\/750\/revisions\/3703"}],"up":[{"embeddable":true,"href":"https:\/\/karate.com.pl\/index.php\/wp-json\/wp\/v2\/pages\/104"}],"wp:attachment":[{"href":"https:\/\/karate.com.pl\/index.php\/wp-json\/wp\/v2\/media?parent=750"}],"curies":[{"name":"wp","href":"https:\/\/api.w.org\/{rel}","templated":true}]}}